3
Let t(q) = -q**2 - 14*q + 14. Calculate t(-16).
-18
Let r(y) = -4*y + 35. Give r(6).
11
Let u(p) = 11*p**2 - 152*p - 30. What is u(14)?
-2
Let m(g) = -g**3 - 27*g**2 - 80*g - 176. Give m(-24).
16
Let o(w) = 9*w + 15. Determine o(-3).
-12
Let f(k) = 20*k**3 + 2*k**2 + 4*k + 1. Calculate f(-1).
-21
Let f(h) = h + 17. What is f(-21)?
-4
Let v(j) = 11*j - 195. Calculate v(16).
-19
Let p(h) = h**3 + 7*h**2 + 8*h - 22. Determine p(-5).
-12
Let f(l) = l**3 + 8*l**2 - 81. Calculate f(-6).
-9
Let h(y) = y**3 + 6*y**2 - 7. Calculate h(-5).
18
Let i(d) = -16*d - 3. What is i(-5)?
77
Let d(q) = -q**2 - 9*q + 1. Calculate d(-5).
21
Let n(w) = w**3 - 14*w**2 - 30*w - 34. Determine n(16).
-2
Let z(y) = y**3 - 6*y**2 + 10*y - 16. Determine z(5).
9
Let t(d) = d**2 - 25*d - 95. What is t(28)?
-11
Let w(k) = k**3 - 2*k**2 + 7*k + 44. What is w(-4)?
-80
Let l(w) = -w**3 - 13*w**2 - 31*w + 13. Give l(-4).
-7
Let w(g) = g**3 - 6*g**2 - 17*g + 1. Give w(8).
-7
Let x(y) = -y**3 + 2*y**2 + y + 6. Calculate x(5).
-64
Let r(m) = -7*m**2 + 56*m - 2. Determine r(8).
-2
Let m(i) = i**2 - i - 4. Give m(3).
2
Let z(p) = p**3 - 7*p**2 + 2*p + 20. What is z(6)?
-4
Let a(r) = r**2 + 4*r - 27. Give a(6).
33
Let x(k) = -2*k**2 - 4. Calculate x(3).
-22
Let m(j) = j**3 + 4*j**2 + 3. Calculate m(-3).
12
Let h(x) = -3*x - 69. Give h(-14).
-27
Let v(t) = -t**3 + 7*t**2 - 5*t + 2. Give v(5).
27
Let m(x) = -4*x - 30. Determine m(-4).
-14
Let k(i) = -2*i**3 - 2*i**2 + 6*i - 4. Determine k(-3).
14
Let c(f) = -f**3 - 18*f**2 + 19*f - 47. Determine c(-19).
-47
Let s(m) = -m**2 + 6*m - 7. Calculate s(5).
-2
Let x(l) = -9*l - 17. Determine x(-2).
1
Let m(s) = s**3 + 17*s**2 + 13*s - 1. Determine m(-16).
47
Let g(z) = z**3 - 3*z**2 - 6*z + 5. Calculate g(4).
-3
Let b(o) = -o**2 - 5*o + 11. Determine b(-9).
-25
Let u(r) = 29*r + 78. What is u(-3)?
-9
Let n(o) = -o + 22. Give n(9).
13
Let w(c) = 2*c + 19. Determine w(-9).
1
Let m(v) = v**3 - 12*v**2 - 13*v + 4. What is m(13)?
4
Let b(p) = p**3 + 11*p**2 + 18*p - 7. Give b(-9).
-7
Let m(h) = -13*h + 8. Determine m(3).
-31
Let l(b) = -5*b**3 - 4*b**2 + 4*b + 2. What is l(2)?
-46
Let v(j) = j**3 - 6*j**2 + 4*j + 6. Give v(6).
30
Let r(w) = -w**3 + 9*w**2 + 17*w - 26. Determine r(11).
-81
Let q(x) = -x**3 + 12*x**2 - x + 10. Determine q(12).
-2
Let a(n) = n**3 + 7*n**2 + 7*n + 7. Give a(-4).
27
Let c(i) = -2*i**2 - 3*i + 4. What is c(3)?
-23
Let o(n) = 6*n - 7. Calculate o(1).
-1
Let o(b) = 4*b - 97. Calculate o(25).
3
Let r(f) = -6*f - 7. Calculate r(-5).
23
Let q(x) = -x**3 - 6*x**2 - 4*x - 1. Determine q(-6).
23
Let j(r) = 28*r + 2. Calculate j(2).
58
Let f(x) = -x**2 + 13. Give f(0).
13
Let d(t) = t + 13. Determine d(13).
26
Let y(c) = -c**3 + 31*c**2 - 28*c - 5. Calculate y(30).
55
Let p(x) = x**2 + 4*x + 5. Give p(-5).
10
Let j(h) = -h**2 + 14*h + 40. Give j(18).
-32
Let z(h) = 7*h + 7. Give z(1).
14
Let m(h) = -h**3 + 9*h**2 + 2*h - 13. Determine m(9).
5
Let c(v) = -v**2 + 6*v + 1. Give c(7).
-6
Let h(d) = -2*d**3 + 19*d**2 + 3*d + 10. What is h(10)?
-60
Let j(i) = -i**2 + 44. Give j(0).
44
Let w(j) = -2*j + 1. Give w(-4).
9
Let f(r) = -r**2 - 11*r - 15. Calculate f(-11).
-15
Let t(o) = o**2 + 20*o + 33. Calculate t(-20).
33
Let v(r) = -r**3 + 11*r**2 - 2*r + 18. What is v(11)?
-4
Let h(z) = z**2 + 5*z - 94. Calculate h(-13).
10
Let v(x) = x**2 + 15*x + 11. Give v(-13).
-15
Let s(z) = 4*z**3 + 3*z**2 - 1. Determine s(1).
6
Let g(b) = -b**2 - b - 16. Determine g(0).
-16
Let k(m) = 41*m**3 + 2*m**2 - 2. What is k(-1)?
-41
Let v(r) = r**3 - 7*r**2 - 7*r - 8. Calculate v(8).
0
Let g(v) = -v**2 + 13*v + 94. Calculate g(18).
4
Let p(z) = -2*z**3 - z**2 + 12*z + 9. What is p(3)?
-18
Let f(q) = q**3 - 8*q**2 + 14*q + 1. What is f(6)?
13
Let w(c) = c**2 - 9*c - 504. Calculate w(-18).
-18
Let o(p) = -p**3 + 8*p**2 - 7*p + 8. Give o(7).
8
Let w(h) = 4*h + 34. Give w(0).
34
Let a(j) = j**2 - 5*j + 33. Determine a(8).
57
Let y(c) = c**3 + 7*c**2 + 2*c - 18. Determine y(-6).
6
Let w(k) = k**3 - 8*k**2 + 2*k - 17. Give w(7).
-52
Let q(v) = -v**2 - 12*v - 6. Calculate q(-12).
-6
Let b(f) = -f**2 - 9*f - 10. Calculate b(-7).
4
Let t(h) = h**3 - 6*h**2 + 7*h - 8. Calculate t(5).
2
Let g(s) = -s**2 + 5*s + 40. Calculate g(9).
4
Let g(c) = -c - 9. Calculate g(8).
-17
Let b(p) = 8*p + 4. Determine b(0).
4
Let p(y) = -16*y + 167. Give p(12).
-25
Let c(d) = -35*d - 115. What is c(-3)?
-10
Let k(q) = -q**3 - 4*q**2 + 19*q + 32. Give k(-6).
-10
Let p(a) = -15*a + 9. Calculate p(-7).
114
Let k(d) = d + 21. Determine k(-15).
6
Let r(g) = 2*g - 56. Determine r(27).
-2
Let r(j) = 8*j - 9. What is r(2)?
7
Let v(d) = -2*d - 6. Calculate v(-11).
16
Let r(h) = h**2 + 11*h + 11. Give r(-7).
-17
Let l(a) = -a**3 - 4*a**2 + 3*a - 1. Determine l(-4).
-13
Let p(v) = v**3 + 4*v**2 + 3*v - 4. What is p(-3)?
-4
Let z(s) = s**3 + s - 46. What is z(0)?
-46
Let p(a) = 3*a + 83. What is p(-28)?
-1
Let m(g) = g**3 + 15*g**2 - 16*g - 13. Give m(-16).
-13
Let t(j) = j**3 + 11*j**2 + 14*j + 1. Calculate t(-10).
-39
Let u(v) = v**2 + 12*v - 5. Give u(-14).
23
Let s(g) = 2*g**2 - 6*g - 2. What is s(5)?
18
Let q(z) = 2*z + 1. What is q(-8)?
-15
Let n(s) = 38*s - 1. Determine n(1).
37
Let l(n) = n**3 - 6*n**2 - 3*n + 5. What is l(6)?
-13
Let f(q) = q**3 - 4*q**2 - 3*q - 5. Determine f(4).
-17
Let r(u) = u**3 - 7*u**2 + 6*u. Calculate r(6).
0
Let k(p) = -p**2 - 12*p - 18. What is k(-8)?
14
Let n(o) = -2*o**2 - 54*o - 336. Give n(-10).
4
Let y(d) = -d**3 + 9*d**2 + 11*d - 13. Give y(10).
-3
Let c(k) = k**2 - 17*k + 9. Determine c(16).
-7
Let o(w) = w**3 - 22*w**2 + 3*w - 71. Determine o(22).
-5
Let h(m) = 2*m**2 + 3*m - 7. What is h(-4)?
13
Let y(r) = -9*r - 192. What is y(-22)?
6
Let o(w) = w**3 + 5*w**2 - 4*w - 6. What is o(-5)?
14
Let a(f) = -f**2 - 18*f + 11. What is a(-19)?
-8
Let a(p) = -6*p - 1. Determine a(-4).
23
Let p(j) = -3*j**2 + 11*j - 32. Calculate p(4).
-36
Let a(d) = d**2 + 8*d + 7. Determine a(-8).
7
Let j(z) = -z**3 + 2*z**2 + 4*z. Give j(3).
3
Let b(t) = -236*t - 1894. Calculate b(-8).
-6
Let m(d) = d**2 + 19*d + 84. Determine m(-11).
-4
Let b(k) = -k**3 - 5*k**2 - k + 7. Give b(-3).
-8
Let l(u) = -6*u + 2. What is l(3)?
-16
Let p(j) = -j**2 - 6*j - 2. What is p(-5)?
3
Let i(n) = -n**2 - 8*n + 2. Determine i(-8).
2
Let h(a) = a**2 + 2*a + 3. Give h(-6).
27
Let p(x) = 6*x + 7. Give p(-6).
-29
Let x(w) = -7*w**2. Calculate x(-2).
-28
Let v(r) = 4*r - 36. Give v(0).
-36
Let o(j) = 9*j + 7. Calculate o(5).
52
Let t(a) = -a**3 + 2*a**2 - 24*a - 52. Determine t(-2).
12
Let k(u) = -11*u + 28. Give k(3).
-5
Let t(m) = 3*m**3 - m**2 + m + 1. Determine t(1).
4
Let b(r) = -r**3 + 6*r**2 + 5*r + 16. Give b(7).
2
Let n(v) = 2*v**3 - 13*v**2 - v + 4. What is n(6)?
-38
Let r(z) = 7*z - 102. Give r(7).
-53
Let v(o) = -o**2 + 9*o + 4. Determine v(11).
-18
Let z(i) = i**3 + 35*i**2 + 30*i - 142. Give z(-34).
-6
Let h(c) = -2*c**3 + 27*c**2 + 45*c + 12. What is h(15)?
12
Let d(p) = p + 8. Determine d(-7).
1
Let d(s) = s**3 - 15*s**2 + 12*s + 18. Calculate d(14).
-10
Let r(t) = -4*t - 58. Give r(-5).
-38
Let f(z) = -3*z + 31. Determine f(5).
16
Let t(x) = 2*x - 1. Give t(-1).
-3
Let j(r) = 3*r**2 + 3*r - 6. Determine j(-4).
30
Let g(u) = u**2 - 35*u + 270. Give g(10).
20
Let w(z) = 21*z - 1. What is w(-1)?
-22
Let k(a) = a**2 + 21*a + 20. Give k(-17).
-48
Let j(m) = 2*m**2 + 11*m + 4. Calculate j(-7).
25
Let g(p) = p**3 + 6*p**2 - 7*p - 8. Determine g(-7).
-8
Let c(k) = -11*k**3 + 3*k**2 - 2*k. Give c(1).
-10
Let s(f) = -34*f**3 + 3*f**2 - 2*f + 1. Determine s(1).
-32
Let j(a) = -3*a**2 + 3*a - 4. What is j(2)?
-10
Let k(n) = 7*n + 103. What is k(-10)?
33
Let y(g) = -23*g - 6. What is y(2)?
-52
Let t(u) = -2*u + 28. Determine t(0).
28
Let v(k) = 2*k**3 + 116*k**2 + 118*k + 236. What is v(-57)?
8
Let z(s) = 7*s + 2. Calculate z(-8).
-54
Let d(u) = u**2 + u - 2. What is d(-3)?
4
Let m(n) = n**3 + 11*n**2 + n + 13. What is m(-10)?
103
Let a(r) = r**2 + 15*r + 52. Determine a(-8).
-4
Let j(f) = -f**3 + 7*f**2 - 8*f - 4. Calculate j(4).
12
Let u(m) = m**3 + 7*m**2 - m + 10. What is u(-7)?
17
Let f(o) = -2*o**2 - 4*o. Calculate f(4).
-48
Let t(i) = i**2 + 6*i - 16. Calculate t(-8).
0
Let o(p) = 6*p**3 + p**2 + 3*p - 3. Calculate o(3).
177
Let o(j) = 9*j**3 + 3*j**2 - 3*j. What is o(2)?
78
Let p(